 factor of 162 and 72.
18
What is the highest common factor of 200 and 31400?
200
What is the greatest common divisor of 4170 and 556?
278
What is the highest common factor of 22125 and 177?
177
Calculate the highest common factor of 45 and 5730.
15
Calculate the highest common divisor of 47 and 32.
1
Calculate the highest common factor of 24 and 60.
12
What is the highest common divisor of 9065 and 370?
185
Calculate the highest common divisor of 91 and 1482.
13
Calculate the highest common factor of 270 and 1545.
15
Calculate the greatest common divisor of 176 and 32.
16
Calculate the highest common factor of 37381 and 87.
29
Calculate the highest common divisor of 12 and 97212.
12
What is the greatest common divisor of 42 and 714?
42
Calculate the highest common factor of 34632 and 8.
8
Calculate the highest common factor of 16 and 414.
2
What is the greatest common divisor of 40 and 680?
40
Calculate the highest common factor of 2 and 16.
2
Calculate the greatest common factor of 2 and 132.
2
Calculate the greatest common divisor of 533 and 656.
41
What is the highest common factor of 490 and 98?
98
What is the highest common divisor of 112 and 4494?
14
What is the highest common divisor of 234 and 18?
18
What is the highest common factor of 828 and 9?
9
What is the highest common divisor of 78 and 3237?
39
What is the greatest common divisor of 4 and 372?
4
What is the highest common divisor of 6888 and 336?
168
Calculate the highest common factor of 448 and 3696.
112
What is the greatest common factor of 112 and 48?
16
Calculate the greatest common divisor of 1616 and 16.
16
What is the highest common factor of 16 and 15728?
16
Calculate the greatest common factor of 512 and 448.
64
What is the greatest common factor of 38 and 12806?
38
Calculate the highest common divisor of 9 and 66.
3
Calculate the greatest common divisor of 36 and 336.
12
Calculate the highest common factor of 579 and 5597.
193
Calculate the highest common factor of 15 and 7005.
15
Calculate the highest common factor of 9823 and 47.
47
What is the highest common divisor of 256 and 54016?
256
Calculate the greatest common divisor of 2343 and 88.
11
Calculate the greatest common divisor of 24 and 632.
8
Calculate the highest common factor of 20 and 95.
5
Calculate the highest common factor of 140 and 28.
28
What is the highest common factor of 6220 and 20?
20
Calculate the highest common factor of 7 and 11.
1
Calculate the highest common factor of 75 and 125.
25
Calculate the greatest common factor of 4975 and 597.
199
What is the highest common factor of 15554 and 112?
14
What is the highest common divisor of 500 and 5125?
125
What is the greatest common divisor of 3395 and 280?
35
What is the greatest common divisor of 13125 and 105?
105
Calculate the greatest common factor of 240 and 25.
5
Calculate the highest common divisor of 73 and 219.
73
What is the highest common divisor of 60 and 1140?
60
What is the greatest common divisor of 103 and 1?
1
Calculate the highest common factor of 156 and 48.
12
Calculate the highest common factor of 11220 and 170.
170
What is the highest common factor of 29 and 2929?
29
Calculate the highest common factor of 212 and 4.
4
What is the greatest common factor of 90 and 20322?
18
Calculate the greatest common divisor of 22 and 2816.
22
What is the highest common divisor of 168 and 192?
24
What is the highest common divisor of 77 and 2373?
7
Calculate the greatest common divisor of 28420 and 60.
20
What is the greatest common factor of 1086 and 6?
6
Calculate the highest common divisor of 2304 and 9.
9
What is the greatest common factor of 16 and 202?
2
What is the highest common divisor of 1937 and 596?
149
Calculate the highest common factor of 196 and 84.
28
Calculate the greatest common factor of 1791 and 21.
3
What is the greatest common divisor of 192 and 156?
12
Calculate the highest common divisor of 20 and 15.
5
Calculate the greatest common factor of 66 and 14916.
66
What is the highest common divisor of 18 and 72?
18
What is the highest common divisor of 16 and 9392?
16
What is the greatest common divisor of 8972 and 4?
4
What is the greatest common divisor of 426 and 12?
6
What is the greatest common factor of 3 and 231?
3
What is the highest common divisor of 5120 and 40?
40
Calculate the highest common divisor of 164 and 41.
41
What is the greatest common divisor of 80879 and 31?
31
What is the greatest common divisor of 200 and 75?
25
Calculate the greatest common factor of 5 and 8.
1
What is the greatest common factor of 90 and 1710?
90
What is the greatest common factor of 558 and 11346?
186
Calculate the highest common factor of 46 and 68586.
46
Calculate the highest common factor of 2806 and 244.
122
What is the highest common divisor of 1548 and 12?
12
Calculate the highest common factor of 40 and 1480.
40
Calculate the highest common divisor of 8051 and 166.
83
Calculate the greatest common factor of 9 and 705.
3
Calculate the greatest common divisor of 525 and 2695.
35
Calculate the highest common divisor of 22 and 8844.
22
What is the greatest common divisor of 99 and 88?
11
Calculate the highest common divisor of 3008 and 94.
94
Calculate the greatest common factor of 6 and 78.
6
Calculate the highest common divisor of 3 and 11.
1
Calculate the highest common factor of 80 and 400.
80
What is the highest common factor of 336 and 21?
21
What is the greatest common factor of 720 and 230?
10
What is the greatest common factor of 17 and 4131?
17
Calculate the greatest common factor of 20 and 50.
10
Calculate the highest common divisor of 290 and 170.
10
Calculate the greatest common factor of 132 and 12.
12
What is the greatest common factor of 60 and 66?
6
Calculate the greatest common factor of 119 and 343.
7
Calculate the highest common factor of 414 and 18.
18
What is the highest common factor of 44 and 12793?
11
What is the highest common factor of 305 and 671?
61
What is the highest common factor of 3 and 1728?
3
What is the highest common divisor of 1023 and 248?
31
Calculate the greatest common divisor of 6952 and 88.
88
What is the highest common factor of 95 and 535?
5
Calculate the greatest common divisor of 376 and 235.
47
What is the greatest common factor of 6 and 447?
3
What is the greatest common divisor of 1220 and 183?
61
Calculate the greatest common divisor of 20 and 5140.
20
What is the greatest common divisor of 80 and 40?
40
What is the greatest common divisor of 5 and 265?
5
What is the highest common factor of 2072 and 8?
8
Calculate the greatest common divisor of 405 and 11205.
135
What is the highest common divisor of 4807 and 19?
19
What is the highest common divisor of 3668 and 2489?
131
Calculate the greatest common divisor of 32 and 144.
16
Calculate the greatest common factor of 80 and 520.
40
Calculate the greatest common divisor of 9 and 549.
9
Calculate the greatest common factor of 69 and 2829.
69
Calculate the highest common factor of 30 and 645.
15
What is the greatest common divisor of 989 and 301?
43
What is the highest common factor of 3298 and 102?
34
What is the greatest common factor of 135 and 5?
5
Calculate the highest common divisor of 7 and 1799.
7
Calculate the greatest common factor of 12 and 556.
4
Calculate the highest common divisor of 25 and 1025.
25
What is the greatest common divisor of 32 and 40?
8
Calculate the greatest common factor of 2480 and 2170.
310
What is the highest common factor of 561 and 1734?
51
What is the highest common divisor of 2529 and 9?
9
What is the greatest common divisor of 29 and 89?
1
Calculate the greatest common factor of 188 and 8.
4
What is the highest common factor of 2920 and 80?
40
Calculate the greatest common divisor of 3532 and 4.
4
Calculate the highest common factor of 152 and 342.
38
Calculate the greatest common divisor of 36 and 17154.
18
What is the highest common divisor of 7284 and 12?
12
What is the highest common divisor of 442 and 52?
26
What is the greatest common divisor of 67 and 737?
67
Calculate the highest common divisor of 1022 and 21.
7
What is the greatest common divisor of 40 and 1580?
20
What is the greatest common divisor of 2124 and 118?
118
Calculate the greatest common factor of 546 and 42.
